 of i(s).
2, 3, 7
Suppose 0 = l + g - 57, -2*g - 32 = -l + 13. Suppose 2*i - l - 3 = 0. List the prime factors of i.
2, 7
Suppose 3*w - w - 4 = 0. Suppose f = w*g - 130, 0*g - 2*g + 5*f + 114 = 0. List the prime factors of g.
67
Let v = 342 + -152. Suppose 73*d = 78*d - v. What are the prime factors of d?
2, 19
List the prime factors of (-865)/(-1) - 294/(-42).
2, 109
Suppose 19*w - 40 = 14*w. Suppose -w = j - 105. List the prime factors of j.
97
Suppose -o + d = 24 + 331, -2*d = -4*o - 1412. What are the prime factors of 2*(o/(-2))/9?
3, 13
Suppose -13*k + 17*k = 240. Let h be k/18*(-3)/2. What are the prime factors of ((-4)/h)/(8/380)?
2, 19
Suppose 0 = 2*r - 3*z - 1, -3*r - z - 1 = 3. Let q be (r - 0) + (-3)/(-1). What are the prime factors of (6 - q/(-1)) + -1?
7
List the prime factors of (-6*3/(-6))/((-14)/(-350)).
3, 5
Suppose 12*k - 215 + 71 = 0. Let g(c) = -c**3 + 5*c**2 + 3*c + 1. Let q be g(5). Let u = q - k. What are the prime factors of u?
2
What are the prime factors of (7 - 5679/(-9)) + (6 - 1)?
643
Let h(k) = k**2 + k + 1. Let t be h(2). Let u(o) = o - 7. Let n be u(t). Suppose 14 + n = c. List the prime factors of c.
2, 7
Suppose 12*i - 5*b - 2674 = 8*i, -3*i + 2011 = -b. What are the prime factors of i?
11, 61
Let g = 6 + 2. Let n = 52 + g. What are the prime factors of n?
2, 3, 5
Let q(x) = 5*x - 5. Let h(i) = 2 - 2*i - 2 + i - 3. Let t be h(-8). What are the prime factors of q(t)?
2, 5
Let i = -6 - -13. Let u(m) = m + 0*m - 9 + i. List the prime factors of u(11).
3
Let w(o) = -45*o - 48. Let z be w(-24). Suppose 4*l + 9*k = 12*k + z, -k = 0. List the prime factors of l.
2, 3, 43
Let a(u) = -916*u - 43. What are the prime factors of a(-1)?
3, 97
What are the prime factors of (2589/12)/((-2)/(-8))?
863
Let h = 161 - 158. Let i(j) = 3*j**3 - 7*j**2 + 8*j. Let a be i(6). Suppose 3*b = -h*b + a. List the prime factors of b.
2, 37
Suppose 22*b - 26*b = -56. List the prime factors of ((-972)/7)/(-2) - (-8)/b.
2, 5, 7
Let f = -11 + 14. Suppose 0 = 5*m + f*x - 28, 4*m - 16 = 3*x + 1. List the prime factors of m.
5
Let c = -33 + 19. List the prime factors of -7*(-1 + 34/c).
2, 3
Suppose 0 = q - x - 3, 0 = -3*q + 2*q - 3*x - 9. Suppose q*h = 4*h + 176. Let a = h + 70. List the prime factors of a.
2, 13
Let s(d) = 232*d**3 + 13*d**2 - 28*d + 10. List the prime factors of s(3).
7, 17, 53
Let j(c) = -c**3 + 9*c**2 + c - 6. Let p be j(9). Suppose -y - 2 = -2*l, 4*l + p*y - 7*y - 4 = 0. Suppose 5 = w - 2*n, -n = -l - 3. List the prime factors of w.
13
Suppose 3*z - 5*h = -0*z + 27, 0 = -5*z + 2*h + 26. Suppose 2*w - 5*t - 148 = -0*t, -222 = -3*w - z*t. List the prime factors of w.
2, 37
Let o be (-10)/(-35) + 58/(-7). Let q be 2/o*0*1. Suppose 0 = -5*f - 3*l + 141, -f - 3*l - 7 + 40 = q. What are the prime factors of f?
3
Let t(p) be the first derivative of 2*p**3/3 + 7*p**2/2 - 12*p + 3. List the prime factors of t(-7).
37
Let m be (-6)/(0 + 3) - 35. Let j = 41 + m. What are the prime factors of j?
2
Suppose -4*i - 3*o + 552 = 0, -5*o = -4*i + 228 + 324. List the prime factors of i.
2, 3, 23
Let n = 46 + -67. Let q = 24 + n. Suppose q*f + 197 = 5*o, 0 = -8*o + 3*o - f + 181. What are the prime factors of o?
37
Suppose n - 3*k - 129 = 425, 0 = -3*n + 2*k + 1669. Suppose -n - 66 = -7*i. List the prime factors of i.
89
Suppose -3*z + 401 = -46. Let a = z + -86. What are the prime factors of a?
3, 7
Let r(w) be the third derivative of w**6/120 + w**5/15 - 5*w**4/24 + w**3/3 - 8*w**2. Let o be -2 - (-2 - -1 - -4). What are the prime factors of r(o)?
2
Let c be (-1865)/(-25) - 4/(-10). Suppose -2*n + c = -65. Suppose -o = p - 58, -n = o - 2*o + 5*p. What are the prime factors of o?
2, 3, 5
Let l = 26 + -21. Suppose 3*v = -l*f - 708, 4*v + 556 = -4*f - v. List the prime factors of f/10*50/(-15).
2, 3
Let n = -4417 - -7524. List the prime factors of n.
13, 239
Let g = 24 - 16. Suppose 2*d - g + 2 = 0. What are the prime factors of (d - -3)*(-9)/(-6)?
3
Let x be (-6)/(-15) + (-90)/(-25). Suppose -x*c + 3 - 7 = -5*o, -5*c + o = 5. List the prime factors of 8 - (-12)/(c + 5).
11
Let u(i) = -i - 14. Let b(o) = -3*o - 15. Let d(y) = -2*b(y) + 3*u(y). Let n = 18 + -10. What are the prime factors of d(n)?
2, 3
Suppose n = -12 + 15. Suppose -8 = -n*w + 4. What are the prime factors of w?
2
Let a = -10460 + 15777. What are the prime factors of a?
13, 409
Suppose 1161 = 6*h - 3141. List the prime factors of h.
3, 239
Let r = -25 - -28. Suppose -w = r*w - 216. What are the prime factors of w?
2, 3
Let j(c) = 6*c**2 + 4*c - 8. What are the prime factors of j(-5)?
2, 61
Let w = -412 + 621. What are the prime factors of w?
11, 19
Let w(p) = p + 4. Let m be w(12). Suppose -12*x - 92 = -m*x. What are the prime factors of x?
23
Let c(j) = j**3 + 8*j**2 + 12*j + 5. Let b(t) = -t**2 - 1. Let h(g) = 2*b(g) - c(g). List the prime factors of h(-9).
2, 5
Let f = -4786 - -7059. List the prime factors of f.
2273
Suppose 0 = 16*c - 15*c - 4*r - 440, 5*c + 2*r = 2134. List the prime factors of c.
2, 107
Suppose 163172 = -0*c + 38*c. What are the prime factors of c?
2, 19, 113
Let t be 153/21 - 6/21. Suppose -29 + 1 = -t*j. Suppose 3*p - 34 = p + 4*u, -50 = -j*p + 2*u. What are the prime factors of p?
11
Let w(t) = -3*t + 13. Let s be w(6). Let g be (s/10)/((-1)/102). Let o = 117 - g. What are the prime factors of o?
2, 3, 11
Suppose 94*o - 104*o + 19740 = 0. What are the prime factors of o?
2, 3, 7, 47
Let x be -3 + (20/(-8))/(2/(-4)). What are the prime factors of x/(5 + -4) - -5?
7
Suppose c - 5*c - 84 = 0. Let t = -15 - c. What are the prime factors of t?
2, 3
Let z = -190 - -134. Let i = 102 + z. List the prime factors of i.
2, 23
Suppose 5*q - 2 = 4*w + 24, -5*w - 5*q - 10 = 0. Let z(b) = -b**3 - 5*b**2 - 2*b - 2. Let v be z(w). Let l = v + 18. What are the prime factors of l?
2
Let h(f) = -8*f - 3. Let o be h(-7). Suppose -4*s + 111 = 3*x + 24, -2*x + 63 = s. Suppose -4*k + x = 5*g, o = 3*k - g + 14. List the prime factors of k.
2, 3
Suppose -u - 522 = -5*h + 874, 0 = 3*h - 3*u - 828. Suppose -v - 4*v = -h. Suppose 3*n = y + v, 2*n - 5*y = -0*n + 20. List the prime factors of n.
2, 5
Suppose -z + 225 = 4*i, -i - 2 + 44 = 5*z. Let k = i + 6. Suppose k = 4*x - x. List the prime factors of x.
3, 7
Suppose 141*l - 78840 = 123*l. List the prime factors of l.
2, 3, 5, 73
Suppose r - 11 = 2*m, -5*m + 2*r = -3*r + 40. Let x(j) = 20*j + 5. Let l be x(m). Let h = 80 + l. List the prime factors of h.
5
What are the prime factors of 1/(-3)*(-935 + -16)?
317
Suppose x - 3*z = -x + 6, 2*x = -3*z + 6. Suppose s = 4 - x, -6 = -2*r - 4*s. Let v = r + 11. What are the prime factors of v?
2, 3
Let y(r) = r**3 - r**2 + r + 6. Let b(m) = -3*m - 24. Let w be b(-10). What are the prime factors of y(w)?
2, 3
What are the prime factors of ((-72)/(-40))/((12/1935)/4)?
3, 43
Let s be (-472)/14 + 18/(-63). Let j = s + 28. What are the prime factors of 45*((-56)/j)/7?
2, 3, 5
Suppose -1482 - 11122 = -4*j. What are the prime factors of j?
23, 137
Suppose -4*s + 101 = r, 2*s = -3*r - 42 + 295. What are the prime factors of r?
3
Let i(l) be the second derivative of 5*l**3/6 - 26*l**2 - 16*l. List the prime factors of i(23).
3, 7
Let a be (-84)/(-9) - 3/9. Let i be a + 0 - (0 + -1). Suppose 0 = -3*q + 41 + i. What are the prime factors of q?
17
Suppose -3*o + 4 + 8 = 0. Suppose 52 - 181 = -d + o*m, -5*d - 5*m = -620. List the prime factors of d.
5
Let n = -46 + 49. Let c = n + 72. What are the prime factors of c?
3, 5
Let u = 1108 - 780. List the prime factors of u.
2, 41
Let y = 792 - -427. What are the prime factors of y?
23, 53
Let g(n) = 6*n**2 - 4*n - 8. Let j(z) = 13*z**2 - 8*z - 16. Let k(y) = -5*g(y) + 3*j(y). What are the prime factors of k(-3)?
5, 17
Let i(p) = p**3 - 4*p**2 - 6*p + 7. Let s be i(5). Let k(z) = -z + 3*z + z**3 + z + 7 + 3*z**s + 4*z**2. What are the prime factors of k(-6)?
5
Let m(t) = -3*t + 236. What are the prime factors of m(-63)?
5, 17
What are the prime factors of (-6)/(-51) - (-236488)/136?
37, 47
Let f(o) = 12*o + 4*o - 18*o + 4*o - 15. Let t be f(-9). Let q = 66 + t. What are the prime factors of q?
3, 11
Let c = -312 + 492. What are the prime factors of c?
2, 3, 5
Let f = -112 - -114. Suppose -4*n - 4*c = -820, f*c - 3 = c. What are the prime factors of n?
2,